of p**4/3 - p**2 - 7*p + 2. Let f(c) be the first derivative of u(c). Let h(k) be the first derivative of f(k). Calculate h(1).
8
Let c be 0/(-2*(-2 + 3)). Let w(b) = -1 - b**2 + c*b**2 + b**3 + 0 - b. Let u(v) = -v - 7. Let l be u(-9). Determine w(l).
1
Let u(z) = -51*z**2 - 61*z**2 - z**3 + 3*z + 216*z**2 - 51*z**2 + 3 - 58*z**2. Give u(-4).
-25
Let w(a) = -a**2 - 7*a + 1. Let m(d) = -2*d**2 - 22*d - 37. Let n(s) = m(s) - 3*w(s). Calculate n(0).
-40
Let z(s) = -12*s - 2. Let y = -159 - -163. Determine z(y).
-50
Let q be (-9)/(-15) - 8/(-20). Let k(u) = u**2 - 5*u - 2. Let b(x) = -x - 1. Let m(l) = q*k(l) - 3*b(l). Let d be 2/((-2)/(-2)) + -1. Give m(d).
0
Let m = 8 - 3. Suppose -16 = m*d + 4. Let x be 174/(-24) + (-1)/d. Let o(n) = -n**2 - 8*n - 2. Give o(x).
5
Suppose -f - 39 = -4*f. Let n(z) = -9*z**3 - 1 - 2*z**2 - f*z**3 - 14*z**3 + z + 35*z**3. Calculate n(-2).
-3
Suppose r = -3*r + 8. Let m(q) = -7571*q - 2*q**2 + 3*q**3 + 7569*q + 1 - 2*q**3 - 2*q**3 + 2*q**3. Calculate m(r).
-3
Let v(h) = 13*h**3 - 44*h**2 + 62*h + 18. Let c(r) = 3*r**3 - 11*r**2 + 15*r + 4. Let z(t) = 9*c(t) - 2*v(t). What is z(9)?
-63
Let i(f) be the third derivative of 1/12*f**5 - 7/6*f**3 - 25*f**2 + 0 + 0*f + 1/24*f**4 - 1/120*f**6. Determine i(5).
-2
Let s(n) = 4*n**2 + 9*n - 5. Let w(c) = -2*c**2 - 4*c + 2. Let q(v) = 3*s(v) + 7*w(v). Suppose 203 + 2 = 5*h. Let t = h - 42. Give q(t).
-2
Let m(s) = s - 2. Suppose 2*g = -3*g + 5. Suppose 58 - 18 = -5*d. Let j be ((-33)/(-44))/(g/d). Calculate m(j).
-8
Suppose 18*q + 5 = -y + 23*q, -5*q = y + 5. Let l(k) = -k**3 - 5*k**2 - 5*k - 5. Determine l(y).
20
Let c(o) = -o**3 + 10*o**2 + o + 10. Let s be c(10). Let n = s - 23. Let g(q) be the second derivative of q**3/2 - 3*q**2/2 + q. Give g(n).
-12
Let d(j) = 12*j + 31. Let z(l) = 12*l + 25. Let c(i) = -4*d(i) + 5*z(i). What is c(2)?
25
Let n(k) be the second derivative of k**5/20 - 5*k**4/12 - k**3/3 - 7*k**2/2 - 2*k. Let u be 5/((-90)/(-110) + 4/22). Give n(u).
-17
Let r(k) = 5. Let v(a) = a - 6. Let h(z) = -r(z) - 2*v(z). Give h(8).
-9
Let y(r) = r**3 + 3*r**2 + r - 4. Let v(k) = -2*k**2 + 2*k - 2. Let j be v(1). Let g be y(j). Let p(a) = a**2 + 4*a + 1. Calculate p(g).
-3
Let s(n) = n**2 - 3*n - 3. Suppose -3*d + u + 3 = -12, -5*u - 27 = -3*d. Suppose -5*m = 3*j + 23, 4*j - 2*m + m = 0. Let f = j + d. Calculate s(f).
-3
Let t(a) = -2*a - 29. Let q be t(-17). Let r(w) = 7 - w - 3 - 4 - 2. What is r(q)?
-7
Suppose 4*f = 4*y - y - 33, f - y = -9. Let z(m) = -14*m**2 + 6*m + 14. Let h(g) = 5*g**2 - 2*g - 5. Let v(s) = f*z(s) - 17*h(s). Give v(-2).
1
Suppose 0 = 5*h - 2591 + 2586. Let v(d) be the first derivative of 2*d**3 - 3*d**2/2 + 2. Let u(x) = 11*x**2 - 7*x. Let p(g) = 2*u(g) - 5*v(g). What is p(h)?
-7
Let r = 10 - 1. Let k = r - 7. Let d(c) be the first derivative of 2*c**3/3 - c**2 + 14. Calculate d(k).
4
Let l be (-4)/6 + (-11)/(-3). Let j(x) = x + 4. Let w(r) = r + 4. Let h(p) = l*w(p) - 2*j(p). Let d = 68 + -74. What is h(d)?
-2
Let w(c) = -c**2 - 2*c + 4. Suppose r - 4*u - 2 = -25, -14 = 3*r - u. Give w(r).
1
Let u(v) = -v**2 + 7*v - 3. Let y(i) = 4*i**3 + 4*i**2 - 5*i + 5. Let g be y(2). Let h = -37 + g. What is u(h)?
3
Let g(n) = -18*n + 51. Let o be g(3). Let s(h) = -3*h**2 - 8*h - 2. Determine s(o).
-5
Let l(c) = -c**3 - 3*c**2 + 6*c + 1. Let q(f) = 2*f - 4*f + 7 - 6 + 5*f**2 + 4*f. Let d be q(-1). Suppose -d*s + 8*s = -16. What is l(s)?
-7
Suppose 3*b + 2*p = -3 + 11, -2*p = -3*b + 16. Suppose -3 = b*n + 1. Let r(l) = 3*l**3 - l**2 - l - 1. Determine r(n).
-4
Let s(g) = -g**3 + g**2 + g - 13. Let y(o) = -4*o**3 + 3*o**2 + 3*o - 38. Let a(h) = 7*s(h) - 2*y(h). Give a(0).
-15
Let y(d) be the third derivative of -d**6/360 - d**4/12 - 5*d**3/3 + d**2. Let q(k) be the first derivative of y(k). What is q(2)?
-6
Suppose 2*r + 2*r = -128. Let f = -37 - r. Let y(o) = -o**3 + 3*o**2 - 8*o - 7. Let w(i) = 5*i**3 - 12*i**2 + 32*i + 29. Let j(q) = -2*w(q) - 9*y(q). Give j(f).
15
Let g = 20 + -12. Let z(d) be the second derivative of d**3/6 - 5*d**2 + 18*d. Calculate z(g).
-2
Let d(a) be the third derivative of -a**6/120 - a**5/30 + a**4/24 - a**3/2 + 7*a**2 - 39*a. What is d(0)?
-3
Suppose -2*i - 1 + 2 = -z, 5*i - 16 = -2*z. Let d(f) = z + f - 2 + 20*f**2 + 4 - 4. Calculate d(-1).
20
Let r(f) = f**3 + 7*f**2 + 4*f + 8. Let k be (-58)/(-116)*(-28)/(2/1). Calculate r(k).
-20
Let o(c) = -4 + 19*c - 10*c + 5 - 10*c + 1. What is o(-8)?
10
Suppose -6 = -5*n - 4*i, -6*i + i = 2*n - 16. Let o be 2/8 - n/(-8). Let a(j) = j**2 + 1. Let w(t) = t**2 + 15. Let q(s) = -2*a(s) + w(s). Determine q(o).
13
Let u(r) = r + 2. Let t(d) = 2*d**2 + 3. Let a(m) = 2*t(m) - 2*u(m). What is a(1)?
4
Suppose x - 4*a + 102 = 3*x, -3*a + 227 = 5*x. Let w = x + -43. Let l(j) be the second derivative of j**3/6 + 3*j**2 + j. What is l(w)?
6
Let w be (3 - (-21)/(-6))/(2/16). Let g be 6/(2 + 0) - (w + 1). Let b(t) = -t + 4. Give b(g).
-2
Let s(r) = -r**3 + 9*r**2 - 8*r + 6. Let m(y) = y**2 - 3*y + 1. Let u be m(-7). Suppose 0 = -6*t + u - 23. Determine s(t).
6
Let u(v) = -v**3 + 5*v**2 + v - 2. Let d be u(5). Let z(r) = -107 + 4*r + 104 - 55*r**2 + 53*r**2. What is z(d)?
-9
Let o(s) = 20*s - 377. Let w be o(19). Let d(c) = -c**3 + 2*c**2 + 6*c - 2. Calculate d(w).
7
Let f(h) = -27*h - 3*h - 24*h - 1. Calculate f(1).
-55
Let c be 7 + (-7 - (-3 + 0)). Let d(j) = 2*j - 2*j**2 + 7 - 3 - 3 - c. Determine d(1).
-2
Let o(m) be the third derivative of -m**6/360 - m**5/60 - m**4/4 - 12*m**2. Let t(y) be the second derivative of o(y). Determine t(3).
-8
Let b = -5428 + 5433. Let y(l) = -l**2 + 3*l + 5 + 3*l**2 - 3*l**2. Calculate y(b).
-5
Let b(r) be the first derivative of r**4/4 + 7*r**3/3 - r**2 + 10*r - 646. What is b(-6)?
58
Let s(r) = -11*r**3 - 16*r**2 - 12*r - 4. Let o(y) = -5*y**3 - 8*y**2 - 6*y - 2. Let n(f) = 9*o(f) - 4*s(f). Calculate n(-7).
-9
Suppose -2*r = 3*r. Let u(v) = 22 - 7*v + 10*v**2 - 6*v**2 + 6*v - 3*v**2. Determine u(r).
22
Let w(u) = -177*u + 57*u + 55*u + 26 + 54*u. Give w(3).
-7
Suppose -1 = p + 2*i, p - 2 + 9 = 4*i. Let x = 1 + p. Let n(w) = 3*w + 6. Let c(f) = -3*f - 7. Let z(l) = 4*c(l) + 5*n(l). Determine z(x).
-4
Let g(v) be the third derivative of v**6/120 + v**5/4 + 5*v**4/8 + 11*v**3/6 + 8*v**2 - 18. What is g(-14)?
-3
Suppose -6 = -4*g + 3*g. Let p = -7 + g. Let u(o) be the second derivative of o**3/2 + o**2/2 + 12*o. What is u(p)?
-2
Let v(j) = -4*j**2 - 36*j - 7. Let p be v(-9). Let c(k) = -k**3 - 9*k**2 - 12*k + 9. Determine c(p).
-5
Let x be 3 - (-4*44)/4. Let n = x + -48. Let f(o) = -19*o. Determine f(n).
19
Let j(g) be the first derivative of g**3/3 - 8*g**2 + 19*g - 134. Calculate j(14).
-9
Suppose -3*j + 37*r - 40*r + 12 = 0, -3*j + 3*r = 0. Let b(v) = 10*v - 1. Give b(j).
19
Let i(t) be the first derivative of 1/2*t**2 + 42 + 1/2*t**4 + 1/3*t**3 - t. Calculate i(1).
3
Let t(s) = s**3 + 24*s**2 + 43*s - 19. Let j = 1114 + -1136. Calculate t(j).
3
Suppose g = 3*w - 7*w - 7, 0 = 3*g + w - 12. Suppose -2*i - g*i - 7 = 0. Let l(u) be the first derivative of -2*u**3/3 + u**2 + u - 1. Give l(i).
-3
Let c = 0 - 1. Let p(i) = i + 2. Let m be p(c). Let b(r) = -5*r**2 + 2*r - 1. Determine b(m).
-4
Let j(o) = -5*o + 21. Let b(l) = -l + 4. Let f(d) = -11*b(d) + 2*j(d). Let y be (-2 + 7)*96/(-15). Let w be (-22)/5 + y/(-80). Determine f(w).
-6
Let u(r) = 4*r - 5 - 5*r + 2 + 4*r. Let y = -8 + 14. Let b = y - 4. Determine u(b).
3
Suppose -4*t - d - 536 = 168, 0 = -4*t + d - 696. Let q be 2/7 - 5/(t/(-10)). Let g(y) = -y + 2. Calculate g(q).
2
Let v(s) = s. Let r be v(-2). Let g(t) = 2*t. Let i(m) = -m + 13. Let z(b) = 6*g(b) + 2*i(b). Let f(n) = 2*n + 5. Let a(p) = 11*f(p) - 2*z(p). Determine a(r).
-1
Let u(s) = 4*s**3. Suppose -3*v - 2 = -5*r - 1, -2*v - 4 = 0. Give u(r).
-4
Let v(g) be the third derivative of -g**5/60 - 7*g**4/12 - 4*g**3/3 - 12*g**2 + 3*g. Calculate v(-14).
-8
Suppose -226*c = -218*c + 80. Let x(q) = -2*q - 23. Determine x(c).
-3
Let w(t) be the second derivative of -5*t**3/3 + 4*t**2 - t - 28. What is w(-4)?
48
Let h(s) = -7*s**2 - 23*s - 18. Let f(b) = -8*b**2 - 24*b - 16. Let p(z) = -6*f(z) + 7*h(z). Give p(-15).
0
Let u(s) = 0 + 9*s - 8*s + 4. Let h(z) = 2*z - 4. Let n be h(2). Give u(n).
4
Let k(y) = -9*y**2 + 2 - 7*y - y**3 - 3 + 3*y**2. Suppose 5 = -2